1
What is the remainder when 939631 is divided by 52199?
49
Calculate the remainder when 16209611 is divided by 2944.
2891
Calculate the remainder when 34489 is divided by 2221.
1174
Calculate the remainder when 111774 is divided by 286.
234
Calculate the remainder when 46944223 is divided by 459.
457
What is the remainder when 300177 is divided by 1401?
363
What is the remainder when 776628499 is divided by 212?
207
Calculate the remainder when 4689478 is divided by 80846.
410
What is the remainder when 2251006 is divided by 64?
62
What is the remainder when 52885488 is divided by 577?
553
Calculate the remainder when 151388169 is divided by 12.
9
What is the remainder when 80346 is divided by 539?
35
Calculate the remainder when 211339 is divided by 400.
139
What is the remainder when 278612 is divided by 278575?
37
What is the remainder when 13613 is divided by 719?
671
Calculate the remainder when 24954059 is divided by 4562.
4481
What is the remainder when 304403 is divided by 188?
31
Calculate the remainder when 163630123 is divided by 8.
3
What is the remainder when 1561389 is divided by 90?
69
Calculate the remainder when 111201789 is divided by 4499.
6
Calculate the remainder when 15942807 is divided by 8056.
8039
What is the remainder when 124611 is divided by 1122?
69
What is the remainder when 48418224 is divided by 235?
234
Calculate the remainder when 8535908 is divided by 85.
38
What is the remainder when 144555 is divided by 24061?
189
Calculate the remainder when 1214440 is divided by 607124.
192
What is the remainder when 13895360 is divided by 7298?
7266
What is the remainder when 247006 is divided by 276?
262
Calculate the remainder when 296042 is divided by 6884.
30
Calculate the remainder when 16779884 is divided by 47.
38
What is the remainder when 495827 is divided by 2066?
2053
What is the remainder when 54477 is divided by 3603?
432
What is the remainder when 454542 is divided by 151484?
90
What is the remainder when 17877075 is divided by 1363?
1330
What is the remainder when 16985148 is divided by 298?
42
What is the remainder when 30177420 is divided by 814?
812
Calculate the remainder when 197661410 is divided by 181.
179
Calculate the remainder when 308529 is divided by 1815.
1794
Calculate the remainder when 363439 is divided by 5688.
5095
Calculate the remainder when 553428 is divided by 1915.
1908
Calculate the remainder when 64426 is divided by 21420.
166
What is the remainder when 4123177 is divided by 4007?
3981
Calculate the remainder when 898193 is divided by 81.
65
Calculate the remainder when 1116281 is divided by 272.
265
What is the remainder when 927824 is divided by 394?
348
Calculate the remainder when 933540 is divided by 13528.
108
Calculate the remainder when 477171 is divided by 8223.
237
Calculate the remainder when 1542953 is divided by 385725.
53
Calculate the remainder when 18541702 is divided by 3708337.
17
What is the remainder when 92626558 is divided by 640?
638
Calculate the remainder when 5802022 is divided by 21.
16
Calculate the remainder when 579712615 is divided by 4653.
4651
What is the remainder when 5700332 is divided by 4?
0
Calculate the remainder when 1892271 is divided by 1691.
42
What is the remainder when 644226 is divided by 5033?
2
Calculate the remainder when 421783 is divided by 11.
10
Calculate the remainder when 32461973 is divided by 184443.
5
What is the remainder when 1471875 is divided by 2307?
9
Calculate the remainder when 17634 is divided by 5527.
1053
What is the remainder when 35604429 is divided by 16?
13
Calculate the remainder when 361033 is divided by 158.
3
What is the remainder when 125490 is divided by 2797?
2422
What is the remainder when 11695963 is divided by 821?
818
What is the remainder when 433497 is divided by 43347?
27
What is the remainder when 77148 is divided by 501?
495
Calculate the remainder when 345428 is divided by 114988.
464
What is the remainder when 835795 is divided by 551?
479
What is the remainder when 3208897 is divided by 52?
29
Calculate the remainder when 135498 is divided by 3702.
2226
Calculate the remainder when 249706 is divided by 1268.
1178
What is the remainder when 32724776 is divided by 554?
550
Calculate the remainder when 2022058 is divided by 16.
10
Calculate the remainder when 15352587 is divided by 191.
7
What is the remainder when 2162152 is divided by 32264?
464
What is the remainder when 2419528 is divided by 9998?
12
Calculate the remainder when 16784179 is divided by 29.
23
Calculate the remainder when 1515030 is divided by 3507.
6
What is the remainder when 2015678 is divided by 5?
3
What is the remainder when 4864000 is divided by 486368?
320
Calculate the remainder when 7236677 is divided by 239.
235
What is the remainder when 173696586 is divided by 711?
708
Calculate the remainder when 37606117 is divided by 22.
21
What is the remainder when 96776497 is divided by 278?
249
Calculate the remainder when 119723 is divided by 5013.
4424
What is the remainder when 18730380 is divided by 2077?
2071
What is the remainder when 2459836 is divided by 614954?
20
What is the remainder when 120821 is divided by 60324?
173
What is the remainder when 843133 is divided by 1017?
40
What is the remainder when 1820380 is divided by 4108?
536
Calculate the remainder when 971849 is divided by 418.
417
Calculate the remainder when 718304 is divided by 359106.
92
Calculate the remainder when 41451215 is divided by 6.
5
What is the remainder when 3434939 is divided by 1821?
533
Calculate the remainder when 709621 is divided by 3363.
28
Calculate the remainder when 13807796 is divided by 150.
146
Calculate the remainder when 2206757 is divided by 116139.
116
Calculate the remainder when 15300743 is divided by 20239.
59
What is the remainder when 185523973 is divided by 5915?
5913
Calculate the remainder when 2571063 is divided by 65917.
300
What is the remainder when 611509 is divided by 25467?
301
Calculate the remainder when 28601745 is divided by 84.
81
Calculate the remainder when 46017 is divided by 471.
330
What is the remainder when 7857 is divided by 1312?
1297
What is the remainder when 2613546 is divided by 910?
26
Calculate the remainder when 24217846 is divided by 24217816.
30
What is the remainder when 155052 is divided by 486?
18
What is the remainder when 45383509 is divided by 109622?
1
Calculate the remainder when 15238412 is divided by 501.
497
Calculate the remainder when 184723 is divided by 2075.
48
What is the remainder when 2233501 is divided by 506?
17
What is the remainder when 226398 is divided by 924?
18
What is the remainder when 753502 is divided by 1648?
366
What is the remainder when 1736031 is divided by 1564?
1555
Calculate the remainder when 3659 is divided by 1610.
439
Calculate the remainder when 991236 is divided by 1127.
603
What is the remainder when 808493 is divided by 550?
543
Calculate the remainder when 3768079 is divided by 262.
257
What is the remainder when 206986 is divided by 355?
21
Calculate the remainder when 10383674 is divided by 1466.
1462
What is the remainder when 304959 is divided by 43068?
3483
Calculate the remainder when 10874438 is divided by 365.
358
Calculate the remainder when 64796 is divided by 557.
184
Calculate the remainder when 5344655 is divided by 56858.
3
What is the remainder when 1415709 is divided by 1264?
29
Calculate the remainder when 894577 is divided by 433.
432
What is the remainder when 54268022 is divided by 2589?
2582
What is the remainder when 7538 is divided by 7489?
49
What is the remainder when 96236473 is divided by 24059118?
1
Calculate the remainder when 24063974 is divided by 97821.
8
What is the remainder when 276003 is divided by 986?
909
Calculate the remainder when 278643 is divided by 478.
447
What is the remainder when 11767 is divided by 3443?
1438
What is the remainder when 6003409 is divided by 12507?
49
Calculate the remainder when 25316178 is divided by 1966.
1962
What is the remainder when 174072 is divided by 7526?
974
Calculate the remainder when 4060436 is divided by 1353476.
8
What is the remainder when 90639 is divided by 90492?
147
Calculate the remainder when 987446 is divided by 17632.
54
Calculate the rema